e first derivative of 65*d**3/6 + 49*d**2/2 - 11*d - 9. Let t(v) be the first derivative of q(v). Is t(10) composite?
True
Let b(q) = -q**3 + 38*q**2 + 26*q - 7. Let f be b(36). Let c = f - -794. Is c a prime number?
False
Let c = 2123 + 1250. Suppose -6*m - c = -649. Let r = m - -903. Is r a prime number?
True
Let k = -9 + 15. Let x(l) = 2 - 22 + 3*l + 6*l**2 + 3 + k. Is x(-6) a prime number?
False
Let q be 1*3/(-12)*(12 + -28). Suppose 3*o = 698 + 766. Suppose -5*u = 3*c - o, -2*u + 163 = -3*c + q*c. Is c a prime number?
False
Suppose -3*s + 2*s = 2*s. Is (10/3)/(14/11697 - s) composite?
True
Let b(j) = -14*j. Let h(t) = -14*t - 1. Let r(u) = -4*b(u) + 3*h(u). Let c(v) = -v. Let f be c(-4). Is r(f) prime?
True
Let m = -41 + 43. Suppose -m*a = 5*y + 26374, 4*a - 10540 = 5*y - 3*y. Is 2/(-5) - y/10 prime?
False
Let y be 2644/(-2) + 118/(-59). Let a = y + 2985. Is a a prime number?
False
Suppose -6*p = -51413 - 9559. Suppose 8 = -2*a, -10*z + 8*z + a + p = 0. Is z composite?
True
Let g(p) = -640*p**3 - 24*p**2 - 36*p - 47. Is g(-7) a composite number?
False
Let m(k) be the third derivative of 7*k**5/15 - k**4/2 + 3*k**3/2 - k**2. Let l(n) = -28*n**2 + 11*n - 8. Let h(t) = -7*l(t) - 6*m(t). Is h(3) composite?
False
Is (4 - 5)/((-11)/244277 - 0) a composite number?
True
Suppose -16*x + 5 = -11*x - y, -2*x - 4*y + 2 = 0. Is 1526/4 - x/2 a prime number?
False
Suppose -3*w + 3*d = -280332 + 49338, 4*d - 385035 = -5*w. Is w prime?
True
Let z(v) = v**3 + 22*v**2 - 22*v + 23. Let w be z(-23). Let u(l) = -l**3 - l**2 - l - 5183. Let g be u(w). Let n = 9172 + g. Is n composite?
False
Let p be (-1 - -2)/((-30)/(-12) - 3). Is 2*(6 - 1915/p) prime?
False
Suppose 0 = 10*q - 109852 - 31068. Suppose i - 5*b = -b + 4720, -3*i + q = 5*b. Let r = i - 2843. Is r a prime number?
True
Let m = -10308 + 80417. Is m a prime number?
False
Let o(v) = -217*v**3 + 7*v**2 + 30*v + 8. Let j be o(-7). Let q = -51479 + j. Is q composite?
True
Let p be (3 - 12)/(-3)*12/9. Is p/(-26) - 81756/(-78) - -1 a composite number?
False
Is (198/(-45))/((-4)/38470 - 0) prime?
False
Let d(y) = y**3 + 93*y**2 + 133*y - 5226. Is d(-85) a composite number?
False
Let f(g) = -479*g**3 - 2*g**2 - 8*g - 8. Let u be 11/((-308)/(-21))*-4. Is f(u) composite?
True
Let n = 87 + -88. Is ((4 - 3)*-3593)/n a prime number?
True
Let g be 3/2*(-700)/(-210). Let m = -1756 - -3408. Suppose g*b = m - 67. Is b prime?
True
Let b = 1987203 - 1040486. Is b a prime number?
True
Suppose 2*f = -2*f. Let o(k) = 6*k**3 - 3*k**2 + k - 40. Let a be o(5). Suppose -h - 2*w = -149, f*w - 3*w = -4*h + a. Is h prime?
True
Let z(a) = -a**3 + 45*a**2 + 68*a - 27. Let p be z(26). Suppose -23*k = -25757 - p. Is k a composite number?
True
Suppose 48*q - 17*q = 899. Let m(f) = 862*f + 331. Is m(q) prime?
False
Suppose -8*d - 3*d = -803. Suppose -11*x + 2207 = d. Is x composite?
True
Suppose -13*s + 2869327 + 146455 = 759645. Is s a composite number?
False
Suppose -3*m - 25 = -37. Suppose -3*n = 3*k - 28791, 1 = -m*k - 15. Is n prime?
True
Let h = 8916 - -34511. Is h a composite number?
False
Suppose 33*f - 86*f = -36*f - 3793193. Is f prime?
True
Suppose 0 = 2*s + 1097 + 4725. Let u = 5720 + s. Is u composite?
True
Suppose -4*i - 4*h - 24 - 16 = 0, -4*i = -5*h - 5. Let a be 2*(i + 2 + (-18)/(-4)). Suppose -4*w = -2*q - 5104, -a*w = -0*q + q - 3833. Is w composite?
False
Suppose -7*n + 2*n + 190 = 0. Let o be n/8*(20 - 0 - 0). Let j = o + 46. Is j prime?
False
Suppose 15 = -2*i + 7*i. Suppose 2*a - i*w = 3138, -a + w = -61 - 1506. Let n = -1076 + a. Is n prime?
True
Let m = 73869 - 26032. Is m composite?
False
Let m = -376 + -4508. Let z = m - -9507. Suppose -3*v - 2*u = -v - 2312, 4*v - z = -5*u. Is v prime?
False
Let h be (-1802)/(-14) - ((-144)/63 + 2). Let o = 2704 + h. Is o prime?
True
Suppose 5*z + 193 = 2*v + 552, 4*z = 5*v + 872. Is (-5461)/v*(2 + -1 + 43) prime?
False
Let h(w) = 514*w**2 - 10*w + 5. Is h(13) a composite number?
True
Is 3330 + (-1)/((-5)/30) + -9 prime?
False
Let g(i) = 31*i**3 - 5*i**2 - 18*i + 41. Is g(6) prime?
True
Let m = -2839 - -7315. Let y = m - 2017. Is y a composite number?
False
Let j = -1022 + 1033. Suppose 91785 - 17744 = j*p. Is p composite?
True
Suppose -3*k = -k - 5*s + 1614, -3*k - 2400 = 3*s. Is (704/(-128))/(1/k) prime?
False
Suppose -4*y = -2*a - 12, 2*a - 5*a = -12. Suppose 26 - y = 2*s - r, 3 = -3*r. Suppose 2*d = -2*d + 3*k + 526, -5*k = -s. Is d composite?
True
Let v(z) be the third derivative of 14*z**4/3 - 13*z**3/6 - 4*z**2 + 7. Let l be -4 + -3 + 4 - -5. Is v(l) prime?
True
Let l(c) = -c**3 - c**2 - 4. Let g be l(-2). Suppose -29*s + 40*s - 60379 = g. Is s a composite number?
True
Suppose m + 10 = 18. Suppose -m*k + 45 = k. Suppose f - k*y = 112, 0*y - 517 = -4*f - 3*y. Is f a prime number?
True
Let v(k) = -k**3 - 13*k**2 + 17*k - 1195. Let c(r) = 3*r**3 + 37*r**2 - 50*r + 3586. Let x(n) = 6*c(n) + 17*v(n). Is x(0) a composite number?
False
Let v(j) = 6053*j**3 + 5*j**2 - 29*j + 51. Is v(2) a prime number?
True
Let j = 37 + -6. Suppose j*u = 27*u - 8228. Let w = -634 - u. Is w a prime number?
True
Suppose 2530*d = 2513*d + 25819141. Is d composite?
False
Suppose 4*w + 154565 = d + 6*w, -2*w = -3*d + 463639. Is d a composite number?
True
Let k(a) be the second derivative of -43*a**6/40 - 7*a**5/120 - 49*a**4/12 - 29*a. Let j(w) be the third derivative of k(w). Is j(-2) prime?
False
Let t = -7061 - -13008. Is t a composite number?
True
Suppose 894 = -6*a + 3*a. Is 3/(1/a*-2) a prime number?
False
Let a(t) = t**3 - 4*t**2 - 37*t - 361. Is a(53) composite?
False
Let w = 40002 - 16145. Is w a prime number?
True
Suppose 2*o - 3*i = -2*o + 14, 12 = 4*o - 2*i. Suppose -85*c + 4*g + 29 = -86*c, -67 = 3*c + 2*g. Is o/8*2*(c + 3407) a prime number?
True
Suppose 416*y - 266 = 397*y. Is y composite?
True
Let g(t) be the second derivative of -t**5/4 - t**4/6 - 3*t**3/2 - 5*t**2 + 72*t. Is g(-9) a prime number?
False
Let c(g) be the first derivative of -25*g**2/2 - 14*g + 1. Let q be c(-3). Let m = 135 - q. Is m a composite number?
True
Let z = 33 + -7. Let g(l) be the first derivative of l**4/4 - 23*l**3/3 - 24*l**2 - 37*l - 908. Is g(z) a composite number?
False
Let s(k) = 3840*k + 629. Is s(5) composite?
True
Suppose a - 7 = 4. Let z = -6 + a. Suppose 3*l - 2290 = -2*y, -2*y + 2*l = -z*y + 3445. Is y prime?
True
Suppose -33*k + 3060872 - 690482 = 0. Suppose 372*x - k = 362*x. Is x prime?
False
Is (-7)/((-147)/417816) + (1 - 8) composite?
False
Let l be (-6)/14 + 306/714. Suppose -4*n + 1 + 3 = l, -4*k - n = -173. Is k a prime number?
True
Let h(b) = -9*b + 175. Let m be h(19). Suppose m*t + 2*a = 1849 - 203, 798 = 2*t - 4*a. Is t a composite number?
False
Suppose 8775496 + 2068898 = 66*b. Is b composite?
False
Suppose k + 6 + 5 = 0. Let z(c) = 4*c**2 + 6*c - 23. Let o(b) = 8*b**2 + 12*b - 45. Let p(m) = -2*o(m) + 5*z(m). Is p(k) a prime number?
False
Let m(q) = 5*q + 15. Let t be m(-7). Let f be 2576/t*(1 - 6). Suppose 2*a = 242 + f. Is a composite?
False
Suppose -7 = 2*s - 5*v - 16, 0 = s + 4*v - 11. Suppose -39*r + s*r + 654560 = 0. Is r prime?
False
Let d = -19031 + 29697. Is d a composite number?
True
Let x be (-549)/(-15) - (72/20 + -3). Let i = x - 33. Suppose 7*j - i*z - 520 = 3*j, -3*z + 369 = 3*j. Is j a composite number?
False
Is (4 + 1044342/10)/((-5)/(-25)) prime?
True
Let c = -513 - -151. Let d = c - -174. Let x = d - -3121. Is x prime?
False
Let y(s) = -s**3 + 14*s**2 - 10*s - 37. Let b be y(8). Suppose -4*x - 2*v = -1516, 0 = 4*x - v - 1783 + b. Is x a prime number?
True
Suppose -8*u - 200060 = 8*u - 36*u. Is u composite?
True
Suppose -4*o - 5*u + 1223518 = 0, -5*o + 11*u + 1529405 = 16*u. Is o prime?
False
Suppose -6*r = 5 + 1. Let u be (-1 + 2)*(72 - r). Suppose 18965 = -68*g + u*g. Is g a prime number?
True
Let j = 42 + -323. Let h = 50 - -256. Let d = h - j. Is d composite?
False
Suppose 3*q + 5*s = 424622, -4*q + 24938 = -2*s - 541164. Is q a prime number?
True
Let t = 135451 - -388698. Is t prime?
True
Let k = 1187039 - 454117. Is k a prime number?
False
Let l(i) = -106*i + 7. Let q be 624/(-108) - 4/18. Let d be l(q). Suppose -523 - d = -2*v. Is v a composite number?
True
Let l(w) = -2649*w - 1310. Is l(-17) prime?
False
Let l(d) = -2*d**3 - 2*d**2 + 2*d. Let a be l